e the prime factors of m?
2
Suppose 4*r - 66 = -5*b + 62, 0 = r + 2*b - 32. What are the prime factors of r?
2
Let v = 33 + -11. List the prime factors of v.
2, 11
Suppose -4*z + 264 = 2*z. Let g = z + -20. List the prime factors of g.
2, 3
Let g(f) = 2*f + 2*f + 2 + 2*f - 3. What are the prime factors of g(3)?
17
Let n(b) = -b**2 - 5*b - 2. Let i be n(-2). List the prime factors of 163/11 + i/22.
3, 5
Suppose 3 = d - 1. Suppose 3*i - g - 47 = 0, -5*i - d*g + 97 = -g. List the prime factors of i.
17
Let u(c) be the third derivative of c**4/24 + 2*c**3/3 - 3*c**2. What are the prime factors of u(4)?
2
Suppose 0 = -5*s - w - 62 + 212, 3*w = -15. What are the prime factors of s?
31
Let z = -4 + 7. Let x = z - -4. Let m(d) = -d**3 + 7*d**2 + 3*d - 9. List the prime factors of m(x).
2, 3
List the prime factors of 24/(27/6 - 3).
2
List the prime factors of 12/16*236/6*4.
2, 59
Let p = -8 + 13. What are the prime factors of p?
5
Let q(m) = -m**3 + 6*m**2 - 7*m + 7. Let w be q(5). Let u(n) = n**3 + 5*n**2 + n - 3. What are the prime factors of u(w)?
2, 3
Let a = 1 + -2. Let f = a + 2. What are the prime factors of ((-2)/4)/(f/(-6))?
3
Let q(j) = j**3 + 3*j**2 - 5*j. Let w be q(-4). Suppose -4*g - 20 = -3*f, -2*g + w = f + f. What are the prime factors of g*3/6*-9?
3
Let w be ((-6)/(-18))/((-2)/(-18)). Suppose o - 3*o = 8, -o + w = c. What are the prime factors of c?
7
Let b(p) = -p**3 + 11*p**2 - p + 15. Suppose -3*y + 0 = 12. Let m be (2/(-4))/(y/88). List the prime factors of b(m).
2
Let p(c) = c. Let j(z) = -3*z - 5. Let b(x) = -j(x) - p(x). What are the prime factors of b(6)?
17
Suppose 0 = 5*t - 31 - 14. Suppose 0 = -2*x + t*x - 105. What are the prime factors of x?
3, 5
Suppose 0 = -3*y + 1 + 14. Suppose -j - 11 = -2*p, 0 = -2*p - 5*j - 0*j + y. What are the prime factors of p?
5
Suppose -4 = -2*t + t. Suppose -f - 2 = k - 0*k, -3*f + 1 = -t*k. Let c(g) = -4*g**3 + g**2 + g. What are the prime factors of c(k)?
2
Suppose 5*m = 4*t - 55, 3*t + 3*m - m - 70 = 0. Suppose -2*p + 2*o = -2*o - 32, -3*o = -p + t. List the prime factors of p.
2
Let b(x) = x**2 - 11*x - 9. Let k be b(12). Suppose -3*y = k*v - 12, 4*v + 30 = 3*y + v. List the prime factors of y.
7
Suppose -6*g + 12 = -18. List the prime factors of g.
5
Suppose u = 52 - 11. List the prime factors of u.
41
Let a be (3/(-2))/((-3)/4). Let f(l) = -l**2 - 14*l + 20. Let u be f(-14). Suppose 2*b = a*n - n + 28, -u = 5*n. What are the prime factors of b?
2, 3
Suppose 0 = -9*d + 10*d - 35. List the prime factors of 4 + -2 + d - 0.
37
Let k = -220 + 376. What are the prime factors of k?
2, 3, 13
Suppose -5*q = -2*q. Suppose -2*a + q*a = -4. What are the prime factors of a?
2
Suppose 5*x + 3*o - o + 23 = 0, -2*o - 8 = 0. Let k(w) = -w. Let n be k(x). List the prime factors of 1/n - (-29)/3.
2, 5
Let x(k) = -3*k - 3. Let z be x(-3). Suppose z*l = 5*l + 4. List the prime factors of l.
2
Let p be 16/6*(0 + 18). Suppose -p = -3*x - x. List the prime factors of x.
2, 3
Suppose -i = 2*i - 99. List the prime factors of i.
3, 11
Let s(h) = -h - 5 + 1 + h**2 - 6*h. Let l be s(8). Let u = l - 2. What are the prime factors of u?
2
Suppose 7 = 3*j - 2. What are the prime factors of 0 - (2 + (j - 32))?
3
Let j be (-44)/(-2) - (-4)/(-4). What are the prime factors of (-7)/(j/(-6)) + 17?
19
Let o(h) be the second derivative of -2*h + 0 + 5/12*h**4 + 1/3*h**3 + 3/2*h**2 + 1/20*h**5. What are the prime factors of o(-2)?
11
Let m(f) = -20*f. Let q(s) = s**3 + 3*s**2 - 1. Let b be q(-3). List the prime factors of m(b).
2, 5
Let t be 7 - 2 - (1 + 1). Let p = 11 - 9. Suppose t*a - 10 = p*a. What are the prime factors of a?
2, 5
Suppose -41 = 3*v - 5*w, -v + 23 = -6*v - 3*w. Let r(p) = 2*p + 8. Let x be r(v). What are the prime factors of x - -15 - (-1 + 0)?
2, 5
Suppose 5 = -5*c + k + 12, 2*k = 6. Suppose z - 36 = -c*z. What are the prime factors of z?
2, 3
Let w = 8 + -16. Let d(h) = h + 7. Let s be d(w). Let v = s - -6. What are the prime factors of v?
5
Suppose 2*a - 56 = 3*x, 0 = -3*a + 3*x + 93 - 3. What are the prime factors of (0 - 2)/((-4)/a)?
17
Suppose 74 = 5*d - 56. Suppose -o = -1 - 1. Suppose 2*s - 3*s + j = -11, 2*j = -o*s + d. List the prime factors of s.
2, 3
What are the prime factors of 0 + (5 - (-1 + 4))?
2
Let b(v) = v**3 - 5*v**2 - 6*v - 7. Let a be b(6). Let o be 2/a + (-970)/(-14). Suppose -u = 4*s - 43, 3*s - 5*u = -8 + o. List the prime factors of s.
2, 3
Let b = -28 - 46. What are the prime factors of b/(-14) + 10/(-35)?
5
Suppose -5*q + 2*b = -56 - 240, 0 = -3*b - 9. Suppose 3*s - d - 14 - 22 = 0, -4*s - 2*d + q = 0. What are the prime factors of s?
13
Suppose 2*c + 15*c = 3536. List the prime factors of c.
2, 13
Let c = -12 - -10. Let b(s) = 5*s**2 + s. What are the prime factors of b(c)?
2, 3
Suppose -66 - 164 = -2*t. Suppose t - 10 = 5*b. List the prime factors of b.
3, 7
Let i be (-2)/4 - 215/10. Let o = i + 31. What are the prime factors of o?
3
Suppose 10 = -4*m + 6*m. Suppose -k - 35 = -3*q, m*q + 3*k - 59 = 5*k. What are the prime factors of q?
11
Let t = 166 + -87. List the prime factors of t.
79
Let h be (3/2)/(12/56). Suppose -2 = -3*j - 5. Let k = h + j. List the prime factors of k.
2, 3
Let n = 47 + 30. List the prime factors of n.
7, 11
Suppose -2*w - 10 = -0*x + 5*x, -2*x - 4 = -4*w. Let a be 27/2 + x/4. Let i = 0 + a. What are the prime factors of i?
13
Let m(r) = -r + 2. Let x be m(6). Let s = -4 + 7. List the prime factors of 45/(-6)*x/s.
2, 5
Suppose 0 = -a + v - 8, -4*v - 5 = a + 3. Let p = a + 5. Let o = p + 6. List the prime factors of o.
3
Let j = -35 - -86. List the prime factors of j.
3, 17
Let n(b) = b**3 - 3*b**2 - 6*b + 5. Let c be n(4). Let p = c + 9. Let z(m) = -m**2 + 9*m - 5. What are the prime factors of z(p)?
13
Suppose 0 = -5*u - 5*q + 95, -103 = -7*u + 2*u - q. Suppose -2*r + r = -5*i + u, i + 2*r = 13. Suppose i*h - 14 = 4*h. List the prime factors of h.
2, 7
Let v = 97 + -67. What are the prime factors of v?
2, 3, 5
Let r = 13 - -7. Suppose -2*p + 4*p = r. List the prime factors of p/(-3)*1*-3.
2, 5
Let g be (-27)/(-15)*(-20)/(-6). Suppose 3*c = 9 + g. Suppose -44 = -3*v + c*q, -2*q - 13 - 35 = -5*v. List the prime factors of v.
2
Suppose 0 = b - 2*y - 11, 2*b - 6 = b - 3*y. What are the prime factors of (b/15)/(2/20)?
2, 3
Let t(q) = q**2 - q - 8. Let k be t(0). Let d be (-1)/(2*1/k). List the prime factors of (3 - d) + 5*2.
3
Suppose -3*d + 2*d - 9 = 4*c, 3*d + 59 = 4*c. What are the prime factors of (2 - 0)/((-2)/d)?
17
Suppose -2*a + 3*t + 148 = 2*t, a - 77 = 2*t. List the prime factors of a.
73
Let j(p) = -14*p**2 + 2*p - 22. Let b(o) = 5*o**2 - o + 7. Let g(m) = 17*b(m) + 6*j(m). List the prime factors of g(9).
23
Let i = 33 + -28. List the prime factors of i*-2*76/(-20).
2, 19
Let t(m) = -3*m - 6. Let p be t(-6). List the prime factors of (32/p)/(1/3).
2
What are the prime factors of (4*1)/(11/88)?
2
Let q(o) = -5*o**3 - 6*o**2 - 7*o + 15. Let x(z) = -6*z**3 - 5*z**2 - 6*z + 16. Let n(r) = 7*q(r) - 6*x(r). List the prime factors of n(13).
3
Suppose 133 = 4*f - 227. Suppose f = -3*y + 222. List the prime factors of y.
2, 11
Let i(r) = r**2 + 4*r + 3. List the prime factors of i(-7).
2, 3
Let v = 56 - 34. What are the prime factors of v?
2, 11
Let z = 4 - 2. List the prime factors of ((-4)/2)/z*-40.
2, 5
Suppose 0 = 4*b - 5*b + 186. What are the prime factors of b?
2, 3, 31
Suppose 2*f = -5*w + 169, 5*f + 19 = 4. What are the prime factors of w?
5, 7
Let k(y) = y**3 - 4*y**2 - 5*y + 1. Suppose 0 = -4*t - 2 + 26. List the prime factors of k(t).
43
Let s = 281 + -179. What are the prime factors of s?
2, 3, 17
Let b(y) = y**2 + y + 22. What are the prime factors of b(0)?
2, 11
Let j = -102 - -186. What are the prime factors of j?
2, 3, 7
Suppose 12 = 4*i - 5*i + 2*b, -5*b = -2*i - 28. What are the prime factors of (-777)/(-28) - 1/i?
2, 7
Suppose -z + 5*z = 20. Let g(i) = i**3 - 5*i**2 + i + 6. What are the prime factors of g(z)?
11
Let a = 67 + -46. What are the prime factors of a?
3, 7
List the prime factors of -2*98/(-4) + (1 - 1).
7
Let o(q) = 2*q**2 + 2*q - 2. Let x be o(-2). List the prime factors of 1/(x*(-4)/(-240)).
2, 3, 5
Let p(f) = 2*f. Let z be p(6). Let w(i) = -z + 0 - 12*i + 0*i**2 - i**2. List the prime factors of w(-9).
3, 5
Let l =